{"id":1407,"date":"2023-02-02T23:42:30","date_gmt":"2023-02-03T05:42:30","guid":{"rendered":"https:\/\/milestonebuckles.com\/?page_id=1407"},"modified":"2023-10-04T12:28:43","modified_gmt":"2023-10-04T18:28:43","slug":"datenschutzbestimmungen","status":"publish","type":"page","link":"https:\/\/milestonebuckles.com\/?page_id=1407&lang=de","title":{"rendered":"Datenschutzbestimmungen"},"content":{"rendered":"\n    <div class=\"xs_social_share_widget xs_share_url before_content \t\tmain_content  wslu-style-1 wslu-share-box-shaped wslu-fill-colored wslu-none wslu-share-horizontal wslu-theme-font-yes wslu-main_content\">\n\n\t\t\n        <ul>\n\t\t\t                    <li class=\"xs-share-li whatsapp                        wslu-no-extra-data\">\n                        <a href=\"javascript:void();\"\n                           id=\"xs_feed_whatsapp\"\n                           onclick=\"xs_social_sharer(this);\"\n                           data-pid=\"1407\"\n                           data-uri_hash=\"25b22e0847e5b9944e316a6011ade7e6\"\n                           data-key=\"whatsapp\"\n                           data-xs-href=\"whatsapp:\/\/send?text=Datenschutzbestimmungen+https%3A%2F%2Fmilestonebuckles.com%2Findex.php%3Frest_route%3D%252Fwp%252Fv2%252Fpages%252F1407\">\n\n                            <div class=\"xs-social-icon\">\n                                <span class=\"met-social met-social-whatsapp\"><\/span>\n                            <\/div>\n\n\t\t\t\t\t\t\t\n                            <div class=\"wslu-hover-content\">\n                                <div class=\"xs-social-followers\">\n\t\t\t\t\t\t\t\t\t0                                <\/div>\n                                <div class=\"xs-social-follower-text\">\n\t\t\t\t\t\t\t\t\tShare                                <\/div>\n                                <div class=\"xs-social-follower-label\">\n\t\t\t\t\t\t\t\t\tWhatsApp                                <\/div>\n                            <\/div>\n                        <\/a>\n                    <\/li>\n\t\t\t\t\t                    <li class=\"xs-share-li email                        wslu-no-extra-data\">\n                        <a href=\"javascript:void();\"\n                           id=\"xs_feed_email\"\n                           onclick=\"xs_social_sharer(this);\"\n                           data-pid=\"1407\"\n                           data-uri_hash=\"25b22e0847e5b9944e316a6011ade7e6\"\n                           data-key=\"email\"\n                           data-xs-href=\"mailto:?body=Title%3A+Datenschutzbestimmungen+%5Cn%5Cn+URL%3A+https%3A%2F%2Fmilestonebuckles.com%2Findex.php%3Frest_route%3D%252Fwp%252Fv2%252Fpages%252F1407&amp;subject=Datenschutzbestimmungen\">\n\n                            <div class=\"xs-social-icon\">\n                                <span class=\"met-social met-social-email\"><\/span>\n                            <\/div>\n\n\t\t\t\t\t\t\t\n                            <div class=\"wslu-hover-content\">\n                                <div class=\"xs-social-followers\">\n\t\t\t\t\t\t\t\t\t0                                <\/div>\n                                <div class=\"xs-social-follower-text\">\n\t\t\t\t\t\t\t\t\tShare                                <\/div>\n                                <div class=\"xs-social-follower-label\">\n\t\t\t\t\t\t\t\t\t                                <\/div>\n                            <\/div>\n                        <\/a>\n                    <\/li>\n\t\t\t\t\t        <\/ul>\n    <\/div> \n\n<p>Wir erhalten, sammeln und speichern alle Informationen, die Sie auf unserer Website eingeben oder uns auf andere Weise zur Verf\u00fcgung stellen. Dar\u00fcber hinaus erfassen wir die Internet-Protokoll-Adresse (IP-Adresse), die f\u00fcr die Verbindung Ihres Computers mit dem Internet verwendet wird; Anmeldung; E-Mail-Adresse; Passwort; Computer- und Verbindungsinformationen sowie Kaufhistorie.<\/p>\n\n\n\n<p> Wir verwenden m\u00f6glicherweise Softwaretools, um Sitzungsinformationen zu messen und zu sammeln, einschlie\u00dflich Seitenreaktionszeiten, Dauer der Besuche auf bestimmten Seiten, Seiteninteraktionsinformationen und Methoden, die zum Verlassen der Seite verwendet werden. Wir erfassen auch personenbezogene Daten (einschlie\u00dflich Name, E-Mail, Passwort, Kommunikation); Zahlungsdetails (einschlie\u00dflich Kreditkarteninformationen), Kommentare, Feedback, Produktbewertungen, Empfehlungen und pers\u00f6nliches Profil. \u200b <\/p>\n\n\n\n<p>Wenn Sie auf unserer Website www.milestonebuckles.com eine Transaktion durchf\u00fchren, erfassen wir im Rahmen des Vorgangs personenbezogene Daten, die Sie uns mitteilen, wie Ihren Namen, Ihre Adresse und Ihre E-Mail-Adresse. Ihre pers\u00f6nlichen Daten werden nur f\u00fcr die oben genannten spezifischen Zwecke verwendet. \u200b <\/p>\n\n\n\n<p>1.-Wir erfassen solche nicht-personenbezogenen und personenbezogenen Daten f\u00fcr die folgenden Zwecke: <\/p>\n\n\n\n<p>2.-Zur Bereitstellung und zum Betrieb der Dienste; <\/p>\n\n\n\n<p>3.-Um unseren Benutzern fortlaufende Kundenunterst\u00fctzung und technischen Support zu bieten; <\/p>\n\n\n\n<p>4.-Um unsere Besucher und Benutzer mit allgemeinen oder personalisierten dienstbezogenen Mitteilungen und Werbebotschaften kontaktieren zu k\u00f6nnen; <\/p>\n\n\n\n<p>5.-Um aggregierte statistische Daten und andere aggregierte und\/oder abgeleitete nicht personenbezogene Daten zu erstellen, die wir oder unsere Gesch\u00e4ftspartner zur Bereitstellung und Verbesserung unserer jeweiligen Dienste verwenden k\u00f6nnen; <\/p>\n\n\n\n<p>6.-Zur Einhaltung aller geltenden Gesetze und Vorschriften. \u200b \u200b<\/p>\n\n\n\n<p>Unser Unternehmen wird auf der Hostinger.com-Plattform gehostet. Hostinger.com stellt uns die Online-Plattform zur Verf\u00fcgung, die es uns erm\u00f6glicht, unsere Produkte und Dienstleistungen an Sie zu verkaufen. Ihre Daten k\u00f6nnen \u00fcber die Datenspeicherung, Datenbanken und allgemeinen Hostinger.com-Anwendungen von Hostinger.com gespeichert werden. <\/p>\n\n\n\n<p>Sie speichern Ihre Daten auf sicheren Servern hinter einer Firewall. Alle von Hostinger.com angebotenen und von unserem Unternehmen verwendeten Direktzahlungs-Gateways entsprechen den Standards von PCI-DSS, die vom PCI Security Standards Council verwaltet werden, einem gemeinsamen Projekt von Marken wie Visa, MasterCard, American Express und Discover. PCI-DSS-Anforderungen tragen dazu bei, den sicheren Umgang mit Kreditkarteninformationen durch unseren Shop und seine Dienstleister zu gew\u00e4hrleisten.<\/p>\n\n\n\n<p>Wir behalten uns das Recht vor, diese Datenschutzrichtlinie jederzeit zu \u00e4ndern. Bitte \u00fcberpr\u00fcfen Sie sie daher regelm\u00e4\u00dfig. \u00c4nderungen und Klarstellungen werden sofort nach ihrer Ver\u00f6ffentlichung auf der Website wirksam. Wenn wir wesentliche \u00c4nderungen an dieser Richtlinie vornehmen, werden wir Sie hier dar\u00fcber informieren, dass sie aktualisiert wurde, damit Sie wissen, welche Informationen wir sammeln, wie wir sie verwenden und unter welchen Umst\u00e4nden wir sie gegebenenfalls verwenden und\/oder offenlegen Es. \u200b Wenn Sie auf Ihre personenbezogenen Daten, die wir \u00fcber Sie gespeichert haben, zugreifen, diese korrigieren, \u00e4ndern oder l\u00f6schen m\u00f6chten, k\u00f6nnen Sie uns gerne \u00fcber das Kontaktformular auf unserer Support-Website kontaktieren.<\/p>\n","protected":false},"excerpt":{"rendered":"<p>0 Share WhatsApp 0 Share Wir erhalten, sammeln und speichern alle Informationen, die Sie auf unserer Website eingeben oder uns auf andere Weise zur Verf\u00fcgung stellen. Dar\u00fcber hinaus erfassen wir die Internet-Protokoll-Adresse (IP-Adresse), die f\u00fcr die Verbindung Ihres Computers mit dem Internet verwendet wird; Anmeldung; E-Mail-Adresse; Passwort; Computer- und Verbindungsinformationen sowie Kaufhistorie. Wir verwenden m\u00f6glicherweise Softwaretools, um Sitzungsinformationen zu messen [&hellip;]<\/p>\n","protected":false},"author":1,"featured_media":0,"parent":0,"menu_order":0,"comment_status":"closed","ping_status":"open","template":"","meta":{"footnotes":""},"class_list":["post-1407","page","type-page","status-publish","hentry"],"aioseo_notices":[],"_links":{"self":[{"href":"https:\/\/milestonebuckles.com\/index.php?rest_route=\/wp\/v2\/pages\/1407","targetHints":{"allow":["GET"]}}],"collection":[{"href":"https:\/\/milestonebuckles.com\/index.php?rest_route=\/wp\/v2\/pages"}],"about":[{"href":"https:\/\/milestonebuckles.com\/index.php?rest_route=\/wp\/v2\/types\/page"}],"author":[{"embeddable":true,"href":"https:\/\/milestonebuckles.com\/index.php?rest_route=\/wp\/v2\/users\/1"}],"replies":[{"embeddable":true,"href":"https:\/\/milestonebuckles.com\/index.php?rest_route=%2Fwp%2Fv2%2Fcomments&post=1407"}],"version-history":[{"count":3,"href":"https:\/\/milestonebuckles.com\/index.php?rest_route=\/wp\/v2\/pages\/1407\/revisions"}],"predecessor-version":[{"id":2169,"href":"https:\/\/milestonebuckles.com\/index.php?rest_route=\/wp\/v2\/pages\/1407\/revisions\/2169"}],"wp:attachment":[{"href":"https:\/\/milestonebuckles.com\/index.php?rest_route=%2Fwp%2Fv2%2Fmedia&parent=1407"}],"curies":[{"name":"wp","href":"https:\/\/api.w.org\/{rel}","templated":true}]}}