{"id":1400,"date":"2023-01-28T20:52:11","date_gmt":"2023-01-29T02:52:11","guid":{"rendered":"https:\/\/milestonebuckles.com\/?page_id=1400"},"modified":"2023-10-06T09:28:41","modified_gmt":"2023-10-06T15:28:41","slug":"i-uber-uns","status":"publish","type":"page","link":"https:\/\/milestonebuckles.com\/?page_id=1400&lang=de","title":{"rendered":"\u00dcBER UNSER UNTERNEHMEN"},"content":{"rendered":"\n    <div class=\"xs_social_share_widget xs_share_url before_content \t\tmain_content  wslu-style-1 wslu-share-box-shaped wslu-fill-colored wslu-none wslu-share-horizontal wslu-theme-font-yes wslu-main_content\">\n\n\t\t\n        <ul>\n\t\t\t                    <li class=\"xs-share-li whatsapp                        wslu-no-extra-data\">\n                        <a href=\"javascript:void();\"\n                           id=\"xs_feed_whatsapp\"\n                           onclick=\"xs_social_sharer(this);\"\n                           data-pid=\"1400\"\n                           data-uri_hash=\"b877ada535d580ee9d941433178bef9b\"\n                           data-key=\"whatsapp\"\n                           data-xs-href=\"whatsapp:\/\/send?text=%C3%9CBER+UNSER+UNTERNEHMEN+https%3A%2F%2Fmilestonebuckles.com%2Findex.php%3Frest_route%3D%252Fwp%252Fv2%252Fpages%252F1400\">\n\n                            <div class=\"xs-social-icon\">\n                                <span class=\"met-social met-social-whatsapp\"><\/span>\n                            <\/div>\n\n\t\t\t\t\t\t\t\n                            <div class=\"wslu-hover-content\">\n                                <div class=\"xs-social-followers\">\n\t\t\t\t\t\t\t\t\t2                                <\/div>\n                                <div class=\"xs-social-follower-text\">\n\t\t\t\t\t\t\t\t\tShare                                <\/div>\n                                <div class=\"xs-social-follower-label\">\n\t\t\t\t\t\t\t\t\tWhatsApp                                <\/div>\n                            <\/div>\n                        <\/a>\n                    <\/li>\n\t\t\t\t\t                    <li class=\"xs-share-li email                        wslu-no-extra-data\">\n                        <a href=\"javascript:void();\"\n                           id=\"xs_feed_email\"\n                           onclick=\"xs_social_sharer(this);\"\n                           data-pid=\"1400\"\n                           data-uri_hash=\"b877ada535d580ee9d941433178bef9b\"\n                           data-key=\"email\"\n                           data-xs-href=\"mailto:?body=Title%3A+%C3%9CBER+UNSER+UNTERNEHMEN+%5Cn%5Cn+URL%3A+https%3A%2F%2Fmilestonebuckles.com%2Findex.php%3Frest_route%3D%252Fwp%252Fv2%252Fpages%252F1400&amp;subject=%C3%9CBER+UNSER+UNTERNEHMEN\">\n\n                            <div class=\"xs-social-icon\">\n                                <span class=\"met-social met-social-email\"><\/span>\n                            <\/div>\n\n\t\t\t\t\t\t\t\n                            <div class=\"wslu-hover-content\">\n                                <div class=\"xs-social-followers\">\n\t\t\t\t\t\t\t\t\t0                                <\/div>\n                                <div class=\"xs-social-follower-text\">\n\t\t\t\t\t\t\t\t\tShare                                <\/div>\n                                <div class=\"xs-social-follower-label\">\n\t\t\t\t\t\t\t\t\t                                <\/div>\n                            <\/div>\n                        <\/a>\n                    <\/li>\n\t\t\t\t\t        <\/ul>\n    <\/div> \n\n<p>Milestone Buckles ist ein auf den europ\u00e4ischen Markt ausgerichtetes Unternehmen mit mehr als 30 Jahren an Erfahrung. Wie bieten unseren Kunden handgefertigte Qualit\u00e4tsst\u00fccke zu hervorragenden Preisen an.<\/p>\n\n\n\n<p>Willkommen bei Milestone Buckles Company <\/p>\n\n\n\n<p>Wir sind ein familiengef\u00fchrtes Unternehmen mit Sitz in Dallas, Texas.<\/p>\n\n\n\n<p>Jede einzelne Schnalle ist detailgetreu entworfen und mit verschiedenen Optionen an Metallen wie Basis aus Neusilber, Schmuckgold oder Bronze angefertigt. Unser Versprechen gegen\u00fcber jedem einzelnen unserer Kunden und der Branche besteht darin, das beste Erlebnis f\u00fcr ihre Veranstaltungen zu bieten, indem wir umfassende L\u00f6sungen bez\u00fcglich Design sowie die p\u00fcnktliche Lieferung unserer Produkte anbieten.<\/p>\n","protected":false},"excerpt":{"rendered":"<p>2 Share WhatsApp 0 Share Milestone Buckles ist ein auf den europ\u00e4ischen Markt ausgerichtetes Unternehmen mit mehr als 30 Jahren an Erfahrung. Wie bieten unseren Kunden handgefertigte Qualit\u00e4tsst\u00fccke zu hervorragenden Preisen an. Willkommen bei Milestone Buckles Company Wir sind ein familiengef\u00fchrtes Unternehmen mit Sitz in Dallas, Texas. Jede einzelne Schnalle ist detailgetreu entworfen und mit verschiedenen Optionen an Metallen wie [&hellip;]<\/p>\n","protected":false},"author":1,"featured_media":1548,"parent":0,"menu_order":0,"comment_status":"closed","ping_status":"closed","template":"","meta":{"footnotes":""},"class_list":["post-1400","page","type-page","status-publish","has-post-thumbnail","hentry"],"aioseo_notices":[],"_links":{"self":[{"href":"https:\/\/milestonebuckles.com\/index.php?rest_route=\/wp\/v2\/pages\/1400","targetHints":{"allow":["GET"]}}],"collection":[{"href":"https:\/\/milestonebuckles.com\/index.php?rest_route=\/wp\/v2\/pages"}],"about":[{"href":"https:\/\/milestonebuckles.com\/index.php?rest_route=\/wp\/v2\/types\/page"}],"author":[{"embeddable":true,"href":"https:\/\/milestonebuckles.com\/index.php?rest_route=\/wp\/v2\/users\/1"}],"replies":[{"embeddable":true,"href":"https:\/\/milestonebuckles.com\/index.php?rest_route=%2Fwp%2Fv2%2Fcomments&post=1400"}],"version-history":[{"count":7,"href":"https:\/\/milestonebuckles.com\/index.php?rest_route=\/wp\/v2\/pages\/1400\/revisions"}],"predecessor-version":[{"id":2173,"href":"https:\/\/milestonebuckles.com\/index.php?rest_route=\/wp\/v2\/pages\/1400\/revisions\/2173"}],"wp:featuredmedia":[{"embeddable":true,"href":"https:\/\/milestonebuckles.com\/index.php?rest_route=\/wp\/v2\/media\/1548"}],"wp:attachment":[{"href":"https:\/\/milestonebuckles.com\/index.php?rest_route=%2Fwp%2Fv2%2Fmedia&parent=1400"}],"curies":[{"name":"wp","href":"https:\/\/api.w.org\/{rel}","templated":true}]}}